 a multiple of 9?
True
Suppose 0 = -2*s - 0*s + 4*k - 10, 4*s - k = -6. Let b(p) be the first derivative of 17*p**3/3 - p**2/2 + 1. Is 6 a factor of b(s)?
True
Suppose 3*c - 18 = -3. Let d = -21 + c. Let o = d + 29. Does 13 divide o?
True
Let v be (-4)/(3 + 33/(-9)). Let u = -2 + v. Suppose 2*a - 63 = 3*g, -a = u*a - 3*g - 135. Is a a multiple of 24?
True
Let f(k) = -3*k + 30. Is 21 a factor of f(-25)?
True
Let g(h) = -h**2 + h - 1. Let t(x) = -4*x**2 + 7*x - 7. Let i(y) = -6*g(y) + t(y). Is 14 a factor of i(-4)?
False
Is 18 a factor of ((-11)/(-22))/(1/(-2)) + 199?
True
Suppose -4*f = -141 - 135. Is f a multiple of 23?
True
Let q be 18 + 3 - (-1 + 1). Let o be (2 + -1)/(7/q). Suppose -o*t = 4*i - 76, -7 + 3 = -4*i. Is 15 a factor of t?
False
Suppose 5*j - 81 = 1284. Is 50 a factor of j?
False
Let g(t) = 8*t - 16. Does 24 divide g(8)?
True
Let x = 9 + 50. Is x a multiple of 7?
False
Let r(m) be the third derivative of m**5/60 - m**4/8 + m**3/6 - m**2. Is r(5) a multiple of 4?
False
Let n = 7 - 14. Let a = 17 - n. Is a a multiple of 12?
True
Suppose 2*l = -2*l, -160 = -4*v - 3*l. Is 4 a factor of v?
True
Let m(f) = f**2 + 6*f - 5. Let w be m(-7). Suppose 5*c + 90 = 5*u, 0 = -4*u + w*c - 3*c + 47. Is 5 a factor of u?
False
Let h(m) = -7*m + 4. Let p(u) = -6*u + 3. Let c(i) = 5*h(i) - 6*p(i). Let g be c(0). Suppose g*o - 26 = o. Does 13 divide o?
True
Let q = -19 - -38. Is q a multiple of 19?
True
Let l(p) be the third derivative of -p**4/12 - p**3/6 + 2*p**2. Let i be l(-2). Suppose -67 = -i*b - 1. Does 9 divide b?
False
Let l(q) = 2*q**2 - q + 5. Suppose -3*f + 5 - 20 = 0. Let s be l(f). Suppose 0 = 4*x - 16 - s. Is x a multiple of 12?
False
Is 122*(-5)/(-15)*(-2 + 5) a multiple of 24?
False
Suppose 3*g - 4*k - 8 = -0*g, 48 = 5*g + 2*k. Suppose -3*i + 10 = -5. Suppose -i*y + 49 = 3*a, 4*a - 4 = 2*y - g. Is 8 a factor of y?
True
Suppose 5*r + 4 - 9 = 0, 0 = -4*k - r + 321. Suppose -k = -q - 4*v, -28 = -q + 3*v + 31. Suppose -4*b + q = 3*f, -3*b - 34 = -2*f - 0*f. Is 10 a factor of f?
True
Is 22 a factor of 4/(-6) - (-1608)/36?
True
Let k(p) = -11*p - 18. Does 3 divide k(-6)?
True
Let u(a) be the first derivative of -5*a**4/4 - a**3 - a**2 - a - 2. Is u(-2) a multiple of 20?
False
Suppose -3 = -2*b + 7. Suppose 5*o + m = 6*m + 160, b*m = -2*o + 43. Is 13 a factor of o?
False
Let k(m) = m + 13. Let q be k(-8). Suppose 0 = q*i - 69 - 91. Does 8 divide i?
True
Let z = 131 - 64. Is 29 a factor of z?
False
Let i(l) = 4*l**3 + l**2 - l + 1. Is i(1) a multiple of 2?
False
Suppose 302 = -5*n - 18. Let r = n + 97. Is r a multiple of 12?
False
Let x(j) = 11*j - 2. Let n be x(-3). Let k = -19 - n. Is 7 a factor of k?
False
Suppose 0 = -4*k + 6*k - 52. Let d be 8/1*7/4. Let u = d + k. Does 23 divide u?
False
Let b = 94 - 37. Does 16 divide (b/9)/((-2)/(-18))?
False
Suppose h - 913 = -4*m, 0 = m - 5*h - 163 - 81. Does 19 divide m?
False
Suppose 0*r - 630 = -14*r. Is r a multiple of 11?
False
Let j = -136 - -357. Is 15 a factor of j?
False
Does 4 divide 6*((-49)/(-6) - (-4)/(-24))?
True
Let j = 3 + 0. Let u(m) = -2 + 0*m - j - 2*m. Is u(-8) a multiple of 5?
False
Let t(o) = 2*o + 12. Let q be t(-8). Let i = 7 + q. Suppose -45 = -5*r - i*y - 0*y, 5*r = 4*y + 10. Is 5 a factor of r?
False
Let c = 3 - -78. Is 9 a factor of c?
True
Suppose v + 15 = -4*v. Let s = -3 - v. Suppose 0*l - 2*l + 5*y + 27 = 0, s = -4*l - 2*y + 18. Is l a multiple of 6?
True
Let w be (4/(-5))/(4/(-20)). Suppose -b - 2*z = b - 14, w*z = 2*b - 2. Suppose b*q + 0*q = 140. Does 14 divide q?
True
Suppose -3*g + 3 = 3*l, -l + 3*l - 5*g - 30 = 0. Let p(z) = 0*z**3 + 6*z**2 - 3*z + 3 + 4*z - z**3. Does 11 divide p(l)?
True
Suppose -4*r + 234 = 42. Does 4 divide r?
True
Let p be (-2 - 46)/3 - 2. Let h(d) = d**3 + d**2 - 3*d - 3. Let x be h(-2). Is p/x + (1 - -1) a multiple of 10?
True
Suppose -3*g - l = -0*g - 2, g - 4*l + 8 = 0. Suppose g = 6*r - 5*r - 18. Is r a multiple of 9?
True
Is 2 a factor of 17/3 + (-2)/(-6)?
True
Suppose t + 28 = 2*t. Is t a multiple of 6?
False
Suppose 3*m + 0*m = h - 34, -4*m = -20. Is h a multiple of 14?
False
Let h = -6 - -28. Suppose l + l = -z + h, -2*z = 3*l - 46. Is z a multiple of 10?
False
Suppose 0*n = -3*n + 6. Suppose -2*c + 4*z + 16 = -0*z, c - 28 = -n*z. Does 8 divide c?
False
Suppose 0 = 3*g + 2*n - 1 - 13, n - 10 = -3*g. Is (1 + 22)*(g + -1) a multiple of 23?
True
Does 15 divide 135/(-10)*(-20)/3?
True
Let n be -1 - 1 - 0/1. Let q = n + 9. Let c = -5 + q. Does 2 divide c?
True
Suppose -8 = -4*g - 2*u, -2*g - 5*u + 3 = -1. Let k(q) = q**3 + 6*q**2 - 8*q - 6. Let w be k(-7). Is g + (46/1)/w a multiple of 17?
False
Is 28 a factor of (-119)/(-14)*-2*28/(-2)?
False
Let a = -7 + 16. Suppose a + 11 = 2*p. Does 10 divide p?
True
Let b be (-30)/4 + (-6)/12. Does 4 divide (2 + 0 + b)*-2?
True
Suppose 3*m - u = 3*u + 11, 4*m + 2*u - 22 = 0. Suppose -2*p - 114 = -m*o + 18, 24 = o - p. Is o a multiple of 14?
True
Does 17 divide 1*3*(27 - 10)?
True
Let w be (-3)/(-6) - (-15)/2. Let z = w + -14. Is 4/z*2*-27 a multiple of 13?
False
Suppose -4*o - v - 2*v = -35, 4*v = -3*o + 28. Suppose 4 = 3*n - o. Is 2 a factor of n?
True
Let o(j) = -j + 4. Let w be o(-6). Let i = w + 10. Does 18 divide i?
False
Let h(c) = -c**3 + 8*c**2 + 8*c + 14. Let a be h(10). Let v = a + 154. Does 16 divide v?
True
Suppose 0 = -v - 0*v + 4*n + 17, -2*v + 4*n = -30. Is 13 a factor of v?
True
Let b be (-2)/12 - 124/(-24). Suppose 5*h + b*n - 75 = 0, 3*h - 33 = -h + 5*n. Does 6 divide h?
True
Let f(v) = 7*v**2 + v + 21. Is 31 a factor of f(6)?
True
Let v(x) = -4*x + x**2 + 7*x + 5*x + 12 + 0*x. Is v(-9) a multiple of 6?
False
Let a(k) = k**3 + 2*k**2 - 6*k. Is 2 a factor of a(-3)?
False
Suppose -a - 2*z = -4, 0 = -4*a + a + z - 16. Let h(f) = -f**3 - 6*f**2 - 4*f - 2. Let j be h(a). Let u = j - -38. Is u a multiple of 10?
True
Suppose -9*u + 2*u = -63. Does 2 divide u?
False
Does 19 divide (28 + 10)*(-1)/(-2)?
True
Let l = 10 + -6. Suppose 0 = -3*y - 3*m + 84, 4*y + l*m = -y + 145. Is y a multiple of 12?
False
Let l be -2 + (2 - 1)*61. Suppose -3*g + 3*q - 24 = 0, -4*g - q = -4*q + 29. Is (-2)/(-10) - l/g a multiple of 5?
False
Let i be 8/(-20) - 78/5. Suppose 2*b - 5*t + 47 = -2*t, t = -3*b - 76. Does 18 divide (b + 1)*36/i?
True
Let d(c) = c**3 - c**2 + 1. Let w be d(0). Let n(t) = 10*t**2 + 2*t - 1. Is n(w) a multiple of 11?
True
Let t = 67 - -44. Does 23 divide t?
False
Suppose -4*d + 16 = -0. Suppose -4*h - 14 = -5*l, -2*l + d*l + 2*h = 2. Does 8 divide -4*(-2*4)/l?
True
Is 19 a factor of (-3)/6*-34 + 2?
True
Let i be ((-57)/(-6))/(1/(-2)). Let v = i - -27. Does 4 divide v?
True
Is (-5 - -2)/((-3)/98) a multiple of 14?
True
Suppose 2*i = 4 + 32. Is i a multiple of 9?
True
Let z(p) = p + 3. Let i be z(0). Suppose 5*t + 10 = 0, i*t = 5*w - t - 113. Is 21 a factor of w?
True
Let l be 2/(-4) + (-21)/(-6). Suppose l*t - 4*t + 4 = 0. Does 4 divide t?
True
Let p(w) = 36*w**3 + 11*w. Let v(z) = 7*z**3 + 2*z. Let j(b) = 2*p(b) - 11*v(b). Let r be j(-1). Suppose -13 = -r*o + 2. Does 2 divide o?
False
Let b = -77 + 161. Is 12 a factor of b?
True
Let b(m) = 2*m - 3*m - 14 + 4 - 4*m + m**2. Is 14 a factor of b(8)?
True
Suppose -3*b + 2 = 5*v, 0*v - 3*v = 5*b + 2. Let x = 9 + v. Does 10 divide x?
True
Let i(m) = -3*m + 7. Let g(a) = 2*a - 6. Let x(q) = -4*g(q) - 3*i(q). Let o be x(-3). Suppose 4*h - 83 = y - 5, 5*y + 10 = o. Is 14 a factor of h?
False
Let f = 410 + -171. Is f a multiple of 40?
False
Let g(m) = m**2 - 4*m - 3. Let f be -1*(6/2 - 0). Is 4 a factor of g(f)?
False
Suppose -11*c - 648 = -17*c. Does 27 divide c?
True
Let u(l) be the second derivative of -l**5/20 - 5*l**4/12 + 5*l**3/3 + 3*l**2 + 2*l. Does 10 divide u(-7)?
False
Let f = 28 - 6. Suppose m - 3*s = f, -5*m + s - 3*s = -59. Does 13 divide m?
True
Let d be (-1)/(-3) + 129/(-9). Let x = d + 45. Suppose -5*z = -39 - x. Is 14 a factor of z?
True
Let r = 9 - 9. Suppose j + 5*d + 12 = 0, 4*j - 3*d - 21 = -r*d. Suppose -i + j + 12 = 0. Is i a multiple of 8?
False
Let t be 3/2 + (-84)/(-8). Does 11 divide (-2)/(-8) - (-261)/t?
True
Let k(p) be the third derivative of p**5/60 + p**4/12 - p**3/2 - 3*p**2. Is k(-7) a multiple of 16?
True
Is 256/12 + (-2)/6 a multiple of 20?
False
Let k(j) be the second derivative of j**4/12 - j**3 + 5*j**2/